
List the prime factors of 10195.
5, 2039
What are the prime factors of 26657?
19, 23, 61
What are the prime factors of 147?
3, 7
What are the prime factors of 29690?
2, 5, 2969
List the prime factors of 32117.
32117
List the prime factors of 2345.
5, 7, 67
List the prime factors of 1438.
2, 719
What are the prime factors of 743?
743
What are the prime factors of 143542?
2, 7, 10253
List the prime factors of 5369.
7, 13, 59
List the prime factors of 3915.
3, 5, 29
List the prime factors of 699.
3, 233
List the prime factors of 7422.
2, 3, 1237
List the prime factors of 773.
773
List the prime factors of 1074.
2, 3, 179
What are the prime factors of 1116?
2, 3, 31
What are the prime factors of 721?
7, 103
What are the prime factors of 4322?
2, 2161
List the prime factors of 1201.
1201
List the prime factors of 37345.
5, 7, 11, 97
What are the prime factors of 943?
23, 41
List the prime factors of 64263.
3, 31, 691
What are the prime factors of 23084?
2, 29, 199
What are the prime factors of 8899?
11, 809
What are the prime factors of 905?
5, 181
List the prime factors of 12891.
3, 4297
List the prime factors of 633.
3, 211
List the prime factors of 92149.
43, 2143
List the prime factors of 2690.
2, 5, 269
What are the prime factors of 5447?
13, 419
What are the prime factors of 8744?
2, 1093
What are the prime factors of 7429?
17, 19, 23
What are the prime factors of 17965?
5, 3593
What are the prime factors of 1884?
2, 3, 157
What are the prime factors of 79324?
2, 7, 2833
List the prime factors of 31867.
11, 2897
List the prime factors of 7434.
2, 3, 7, 59
What are the prime factors of 6260?
2, 5, 313
List the prime factors of 2251.
2251
List the prime factors of 44961.
3, 7, 2141
What are the prime factors of 1370?
2, 5, 137
What are the prime factors of 675?
3, 5
What are the prime factors of 768?
2, 3
What are the prime factors of 9965?
5, 1993
List the prime factors of 2047.
23, 89
What are the prime factors of 1039?
1039
What are the prime factors of 3609?
3, 401
What are the prime factors of 6074?
2, 3037
What are the prime factors of 6114?
2, 3, 1019
List the prime factors of 43368.
2, 3, 13, 139
List the prime factors of 2000.
2, 5
List the prime factors of 97219.
191, 509
List the prime factors of 1047.
3, 349
List the prime factors of 69849.
3, 13, 199
List the prime factors of 849.
3, 283
What are the prime factors of 21487?
21487
List the prime factors of 728.
2, 7, 13
List the prime factors of 157817.
11, 14347
What are the prime factors of 1963?
13, 151
List the prime factors of 4021.
4021
What are the prime factors of 29238?
2, 3, 11, 443
List the prime factors of 5499.
3, 13, 47
List the prime factors of 2101.
11, 191
List the prime factors of 2086.
2, 7, 149
What are the prime factors of 669?
3, 223
What are the prime factors of 29177?
163, 179
What are the prime factors of 8782?
2, 4391
List the prime factors of 30184.
2, 7, 11
What are the prime factors of 5023?
5023
What are the prime factors of 2129?
2129
What are the prime factors of 170?
2, 5, 17
What are the prime factors of 2002?
2, 7, 11, 13
What are the prime factors of 1621?
1621
What are the prime factors of 10422?
2, 3, 193
List the prime factors of 289.
17
What are the prime factors of 28055?
5, 31, 181
List the prime factors of 24327.
3, 17, 53
What are the prime factors of 12146?
2, 6073
List the prime factors of 6316.
2, 1579
List the prime factors of 14661.
3, 181
What are the prime factors of 7960?
2, 5, 199
List the prime factors of 58501.
19, 3079
List the prime factors of 946.
2, 11, 43
What are the prime factors of 83054?
2, 131, 317
What are the prime factors of 5165?
5, 1033
What are the prime factors of 69153?
3, 7, 37, 89
What are the prime factors of 39558?
2, 3, 19, 347
List the prime factors of 7997.
11, 727
What are the prime factors of 3?
3
List the prime factors of 2742.
2, 3, 457
What are the prime factors of 11670?
2, 3, 5, 389
What are the prime factors of 3390?
2, 3, 5, 113
What are the prime factors of 5040?
2, 3, 5, 7
List the prime factors of 7471.
31, 241
List the prime factors of 38814.
2, 3, 6469
What are the prime factors of 643?
643
What are the prime factors of 1313?
13, 101
What are the prime factors of 6924?
2, 3, 577
What are the prime factors of 39992?
2, 4999
List the prime factors of 20812.
2, 11, 43
List the prime factors of 94814.
2, 47407
What are the prime factors of 902?
2, 11, 41
List the prime factors of 139415.
5, 27883
What are the prime factors of 42892?
2, 10723
List the prime factors of 50829.
3, 16943
List the prime factors of 131195.
5, 19, 1381
List the prime factors of 20723.
17, 23, 53
List the prime factors of 9710.
2, 5, 971
What are the prime factors of 6586?
2, 37, 89
List the prime factors of 54681.
3, 11, 1657
What are the prime factors of 21081?
3, 7027
What are the prime factors of 7673?
7673
What are the prime factors of 1313?
13, 101
What are the prime factors of 3241?
7, 463
What are the prime factors of 476?
2, 7, 17
What are the prime factors of 80?
2, 5
List the prime factors of 1809.
3, 67
List the prime factors of 1707.
3, 569
What are the prime factors of 16838?
2, 8419
What are the prime factors of 14420?
2, 5, 7, 103
List the prime factors of 85302.
2, 3, 7, 677
List the prime factors of 2231.
23, 97
What are the prime factors of 27781?
13, 2137
What are the prime factors of 17914?
2, 13, 53
List the prime factors of 4247.
31, 137
What are the prime factors of 73?
73
What are the prime factors of 80?
2, 5
What are the prime factors of 56739?
3, 18913
What are the prime factors of 46?
2, 23
List the prime factors of 2584.
2, 17, 19
List the prime factors of 4152.
2, 3, 173
List the prime factors of 652.
2, 163
What are the prime factors of 3873?
3, 1291
List the prime factors of 1094.
2, 547
List the prime factors of 11563.
31, 373
List the prime factors of 8294.
2, 11, 13, 29
List the prime factors of 496.
2, 31
What are the prime factors of 110776?
2, 61, 227
List the prime factors of 31.
31
List the prime factors of 44311.
73, 607
What are the prime factors of 72931?
72931
What are the prime factors of 4528?
2, 283
List the prime factors of 58276.
2, 17, 857
List the prime factors of 284.
2, 71
What are the prime factors of 1506?
2, 3, 251
List the prime factors of 6452.
2, 1613
What are the prime factors of 26606?
2, 53, 251
What are the prime factors of 1927?
41, 47
What are the prime factors of 14626?
2, 71, 103
What are the prime factors of 5062?
2, 2531
What are the prime factors of 3940?
2, 5, 197
What are the prime factors of 1109?
1109
List the prime factors of 381.
3, 127
What are the prime factors of 469?
7, 67
List the prime factors of 1547.
7, 13, 17
What are the prime factors of 24573?
3, 8191
List the prime factors of 28357.
7, 4051
What are the prime factors of 104475?
3, 5, 7, 199
List the prime factors of 1418.
2, 709
What are the prime factors of 43104?
2, 3, 449
List the prime factors of 3579.
3, 1193
List the prime factors of 1839.
3, 613
List the prime factors of 504.
2, 3, 7
List the prime factors of 55474.
2, 27737
List the prime factors of 563.
563
What are the prime factors of 37892?
2, 9473
What are the prime factors of 725?
5, 29
List the prime factors of 5277.
3, 1759
List the prime factors of 15052.
2, 53, 71
What are the prime factors of 432?
2, 3
What are the prime factors of 366?
2, 3, 61
What are the prime factors of 540?
2, 3, 5
What are the prime factors of 127869?
3, 7, 6089
What are the prime factors of 844?
2, 211
List the prime factors of 8579.
23, 373
List the prime factors of 1356.
2, 3, 113
List the prime factors of 864.
2, 3
List the prime factors of 3890.
2, 5, 389
List the prime factors of 18122.
2, 13, 17, 41
List the prime factors of 502.
2, 251
List the prime factors of 2763.
3, 307
List the prime factors of 6282.
2, 3, 349
What are the prime factors of 14738?
2, 7369
What are the prime factors of 23511?
3, 17, 461
List the prime factors of 22860.
2, 3, 5, 127
What are the prime factors of 3326?
2, 1663
List the prime factors of 72454.
2, 17, 2131
What are the prime factors of 20383?
11, 17, 109
List the prime factors of 4161.
3, 19, 73
What are the prime factors of 1080?
2, 3, 5
What are the prime factors of 12437?
12437
List the prim